t is the hundreds digit of 16851?
8
What is the units digit of 14882?
2
What is the hundreds digit of 40347?
3
What is the hundreds digit of 183?
1
What is the hundreds digit of 387?
3
What is the thousands digit of 6704?
6
What is the tens digit of 1050?
5
What is the hundreds digit of 20440?
4
What is the hundreds digit of 22497?
4
What is the units digit of 11907?
7
What is the hundreds digit of 226?
2
What is the units digit of 8429?
9
What is the ten thousands digit of 16120?
1
What is the units digit of 33?
3
What is the thousands digit of 8170?
8
What is the tens digit of 960?
6
What is the hundreds digit of 11783?
7
What is the tens digit of 174437?
3
What is the units digit of 6749?
9
What is the units digit of 35246?
6
What is the units digit of 4152?
2
What is the hundreds digit of 4608?
6
What is the thousands digit of 14568?
4
What is the units digit of 18251?
1
What is the thousands digit of 3762?
3
What is the hundreds digit of 39704?
7
What is the tens digit of 2501?
0
What is the hundreds digit of 206446?
4
What is the thousands digit of 8848?
8
What is the tens digit of 732?
3
What is the ten thousands digit of 30655?
3
What is the tens digit of 4343?
4
What is the tens digit of 7540?
4
What is the thousands digit of 86630?
6
What is the hundreds digit of 1368?
3
What is the tens digit of 352?
5
What is the thousands digit of 16998?
6
What is the tens digit of 14875?
7
What is the tens digit of 3914?
1
What is the units digit of 1074?
4
What is the tens digit of 55753?
5
What is the tens digit of 595?
9
What is the units digit of 1527?
7
What is the tens digit of 3192?
9
What is the tens digit of 3001?
0
What is the units digit of 148078?
8
What is the hundreds digit of 1893?
8
What is the hundreds digit of 7086?
0
What is the units digit of 5374?
4
What is the units digit of 38760?
0
What is the ten thousands digit of 19753?
1
What is the hundreds digit of 4003?
0
What is the units digit of 492?
2
What is the thousands digit of 7436?
7
What is the ten thousands digit of 44635?
4
What is the ten thousands digit of 101365?
0
What is the units digit of 3288?
8
What is the hundreds digit of 56003?
0
What is the hundreds digit of 7557?
5
What is the units digit of 1595?
5
What is the tens digit of 1783?
8
What is the hundreds digit of 143957?
9
What is the tens digit of 1069?
6
What is the units digit of 43287?
7
What is the ten thousands digit of 88250?
8
What is the units digit of 3127?
7
What is the thousands digit of 1168?
1
What is the tens digit of 837?
3
What is the units digit of 9736?
6
What is the tens digit of 66995?
9
What is the units digit of 6399?
9
What is the units digit of 207?
7
What is the thousands digit of 12163?
2
What is the thousands digit of 3314?
3
What is the tens digit of 215?
1
What is the units digit of 676?
6
What is the thousands digit of 3561?
3
What is the units digit of 4437?
7
What is the tens digit of 32?
3
What is the hundreds digit of 114995?
9
What is the hundreds digit of 340?
3
What is the tens digit of 1665?
6
What is the hundreds digit of 1957?
9
What is the thousands digit of 61407?
1
What is the thousands digit of 7783?
7
What is the tens digit of 16883?
8
What is the thousands digit of 3732?
3
What is the units digit of 1035?
5
What is the hundreds digit of 1169?
1
What is the thousands digit of 3101?
3
What is the ten thousands digit of 99476?
9
What is the hundreds digit of 7205?
2
What is the tens digit of 543?
4
What is the thousands digit of 2683?
2
What is the hundreds digit of 1549?
5
What is the thousands digit of 66621?
6
What is the thousands digit of 1227?
1
What is the thousands digit of 6874?
6
What is the hundreds digit of 35811?
8
What is the units digit of 13149?
9
What is the hundreds digit of 5440?
4
What is the thousands digit of 1049?
1
What is the units digit of 6440?
0
What is the hundreds digit of 3033?
0
What is the hundreds digit of 511?
5
What is the tens digit of 174?
7
What is the hundreds digit of 12025?
0
What is the units digit of 7706?
6
What is the thousands digit of 1775?
1
What is the thousands digit of 26588?
6
What is the tens digit of 12283?
8
What is the units digit of 49?
9
What is the thousands digit of 15095?
5
What is the thousands digit of 5584?
5
What is the ten thousands digit of 14125?
1
What is the units digit of 14846?
6
What is the tens digit of 2779?
7
What is the units digit of 3813?
3
What is the ten thousands digit of 89469?
8
What is the hundreds digit of 13041?
0
What is the ten thousands digit of 60076?
6
What is the tens digit of 3447?
4
What is the ten thousands digit of 20940?
2
What is the units digit of 20780?
0
What is the hundreds digit of 1696?
6
What is the hundreds digit of 141041?
0
What is the units digit of 3318?
8
What is the hundreds digit of 1256?
2
What is the ten thousands digit of 28921?
2
What is the thousands digit of 10901?
0
What is the tens digit of 292?
9
What is the units digit of 29719?
9
What is the tens digit of 20555?
5
What is the hundred thousands digit of 186134?
1
What is the units digit of 72093?
3
What is the thousands digit of 3256?
3
What is the units digit of 28122?
2
What is the hundreds digit of 187?
1
What is the hundreds digit of 22157?
1
What is the tens digit of 5994?
9
What is the tens digit of 1261?
6
What is the thousands digit of 1928?
1
What is the thousands digit of 1213?
1
What is the units digit of 9615?
5
What is the hundreds digit of 891?
8
What is the thousands digit of 13172?
3
What is the ten thousands digit of 11346?
1
What is the ten thousands digit of 145113?
4
What is the thousands digit of 1086?
1
What is the units digit of 10344?
4
What is the tens digit of 17259?
5
What is the ten thousands digit of 110256?
1
What is the units digit of 8984?
4
What is the thousands digit of 16976?
6
What is the units digit of 12255?
5
What is the tens digit of 23635?
3
What is the tens digit of 24292?
9
What is the tens digit of 52624?
2
What is the units digit of 21983?
3
What is the hundreds digit of 8358?
3
What is the hundred thousands digit of 141008?
1
What is the units digit of 107659?
9
What is the units digit of 1025?
5
What is the units digit of 12382?
2
What is the tens digit of 5431?
3
What is the hundreds digit of 106489?
4
What is the thousands digit of 4340?
4
What is the thousands digit of 33820?
3
What is the units digit of 21822?
2
What is the units digit of 22917?
7
What is the units digit of 176?
6
What is the hundred thousands digit of 104255?
1
What is the thousands digit of 30762?
0
What is the hundreds digit of 396?
3
What is the thousands digit of 27654?
7
What is the tens digit of 3154?
5
What is the ten thousands digit of 10511?
1
What is the thousands digit of 4480?
4
What is the hundreds digit of 5001?
0
What is the units digit of 6605?
5
What is the units digit of 1535?
5
What is the units digit of 10689?
9
What is the thousands digit of 58701?
8
What is the hundreds digit of 2427?
4
What is the units digit of 2060?
0
What is the thousands digit of 1792?
1
What is the units digit of 17892?
2
What is the hundreds digit of 22989?
9
What is the ten thousands digit of 22623?
2
What is the tens digit of 22062?
6
What is the thousands digit of 3393?
3
What is the hundreds digit of 1187?
1
What is the units digit of 5685?
5
What is the hundreds digit of 1898?
8
What is the units digit of 3173?
3
What is the thousands digit of 4761?
4
What is the tens digit of 445?
4
What is the thousands digit of 2019?
2
What is the thousands digit of 26069?
6
What is the hundreds digit of 2364?
3
What is the units digit of 95072?
2
What is the units digit of 673?
3
What is the thousands digit of 14845?
4
What is the units digit of 5401?
1
What is the units digit of 1628?
8
What is the hundreds digit of 891?
8
What is the hundreds digit of 409?
4
What is the thousands digit of 1302?
1
What is the thousands digit of 31812?
1
What is the hundreds digit of 97104?
1
What is the ten thousands digit of 70908?
7
What is the tens digit of 27068?
6
What is the tens digit of 5703?
0
What is the tens digit of 4018?
1
What is the units digit of 2891?
1
What is the units digit of 39259?
9
What is the units digit of 68609?
9
What is the units digit of 414?
4
What is the hundreds dig